*c + 3*c + 10. Calculate the highest common factor of c and h.
5
Let v be (-15)/(-6) - (-1)/2. Let a be ((-1)/2)/(2/12). Let r be (-18)/(-2)*(-4)/a. Calculate the highest common factor of r and v.
3
Let b be 4/(-3)*135/(-6). Let q be b/(-25)*(-5)/2. Calculate the highest common divisor of 9 and q.
3
Let q be 27*(6 - 4) + 0/(-3). What is the highest common factor of q and 81?
27
Let q = 96 - 82. Calculate the greatest common factor of 434 and q.
14
Let h(p) = p**3 - 5*p**2 - 5*p - 8. Let m be h(6). Let c be 45/3*m/(-3). Suppose -11*y + 10 = -6*y. What is the greatest common divisor of c and y?
2
Suppose r = -3*d + 58, -d + 23*r - 18*r = -46. Calculate the highest common divisor of 7 and d.
7
Let s be -3 + (-7)/((-28)/80). Let v(w) = w - s*w + 3*w - 1. Let l be v(-1). What is the highest common divisor of 30 and l?
6
Suppose 0 = -11*h + 116 - 61. Calculate the greatest common factor of h and 515.
5
Let c(t) = -t + 17. Let f be c(12). Suppose f*p + 0*p - 135 = 0. Let j be 0 + 3 + (-30)/(-2). What is the highest common divisor of p and j?
9
Let s(a) = -a**3 + 26*a**2 + 36. Let w be s(26). Let r(b) = 37*b**2 + 3*b + 2. Let u be r(-2). What is the greatest common divisor of u and w?
36
Let j(a) = -264*a - 324. Let u be j(-6). Calculate the greatest common divisor of 63 and u.
63
Suppose -3*y + 2*o - 2428 + 6473 = 0, -3*y + 4049 = -o. What is the greatest common divisor of y and 7?
7
Let z(i) = 4*i**3 - 3*i - 3. Let p be z(-1). Let b(a) = -3*a - 2 - 3*a + 2*a. Let d be b(p). What is the greatest common factor of d and 70?
14
Let v(u) = -15*u**3 - 16*u + 12*u**2 + 27*u**3 - 1 - 11*u**3. Let d be v(-13). What is the highest common divisor of 57 and d?
19
Suppose 0 = -7*d + d + 42. Let g(t) = -2*t**2 + 27*t - 3. Let f be g(d). Calculate the greatest common factor of 220 and f.
44
Suppose -2*z - 3*z - 5*d + 70 = 0, -z + 6 = -d. Suppose -8 = 5*y - 58. Suppose -3*k + k + 4*t = 4, -5*t = -y. Calculate the greatest common factor of k and z.
2
Let n(c) be the first derivative of -c**3 - 10*c**2 - c + 14. Let s be n(-6). Calculate the highest common factor of s and 99.
11
Suppose s - 2*r - 40 = 0, -2*s + 79 = -23*r + 18*r. Let b = 102 - 32. What is the greatest common divisor of s and b?
14
Suppose 5*m - n - 3 - 6 = 0, 0 = 2*m + 4*n + 14. What is the greatest common divisor of 311 and m?
1
Suppose 37*b - 592 + 74 = 0. Suppose m - 5 + 0 = 0. Suppose 0 = -8*l + m*l + 336. What is the greatest common factor of l and b?
14
Let w(c) = 2*c**3 + 4*c**2 - 12*c. Let o be w(2). Suppose 5*v = 254 + 146. What is the highest common divisor of o and v?
8
Let j = -88 - -168. What is the greatest common divisor of j and 48?
16
Let a = 1082 - 827. What is the highest common divisor of 51 and a?
51
Let o = -18 + 34. Let u be (0 + (-60)/o)*-4. Calculate the highest common divisor of u and 30.
15
Let i = 37 - -28. Suppose -c = 3*x - 49, 2*x - 45 - i = -2*c. What is the greatest common factor of 2 and c?
2
Let c be (-3 - (-14)/(-2))/(-2). Let k = c - -3. Suppose 0 = -3*p - 2*u + 40, 4*u - u + 18 = 2*p. Calculate the greatest common factor of k and p.
4
Let z = 13 + 16. Suppose 30 = 4*u - 2*u. Suppose 0*r = 4*r + 2*j - 922, u = -5*j. What is the highest common divisor of z and r?
29
Suppose -3*m + 15 = 2*j - 60, 0 = -3*j + 4*m + 138. What is the highest common divisor of j and 294?
42
Let h(k) = 25*k - 343. Let n be h(15). Calculate the highest common factor of n and 1104.
16
Let x = -19 + 26. Suppose -5 - x = -r. What is the highest common factor of r and 144?
12
Suppose -5*w + 4*w = -3*b + 118, 5*w + 180 = 5*b. Let t = -11 + b. What is the greatest common divisor of t and 60?
30
Let x = 26 - 28. Let k = -27 + 13. Let w = x - k. Calculate the highest common factor of 8 and w.
4
Let a be (-1)/(-3) + ((-952)/(-24) - -14). What is the highest common factor of 6 and a?
6
Suppose -7*p - 5*m + 16 = -3*p, -5*m = -p + 4. Suppose 119 = 5*j + p. Calculate the greatest common factor of 161 and j.
23
Suppose 0*u - 2*u - 2*n - 434 = 0, 5*u - 2*n + 1071 = 0. Let l be u/15 - (-1)/3. Let y be (1 - l/8)*12. What is the greatest common factor of y and 3?
3
Let s = 7 + 51. Suppose -3*r + s = -r. Let u = 913 + -710. Calculate the highest common factor of r and u.
29
Let j = 137 - 57. Let d = -33 + 53. What is the highest common divisor of d and j?
20
Suppose -13*k + 61 = -43. Suppose 2*u - 5*u = -4*a - 32, -k = 4*a. What is the highest common divisor of 16 and u?
8
Let x(j) = 14 - 16*j**3 + 30*j**3 - 13*j**3 - 11*j**2 + 9*j. Let t be x(10). Let f = 60 - 32. Calculate the greatest common factor of f and t.
4
Let o = -383 - -373. Suppose 4*z + 3*g - 20 - 23 = 0, g = 2*z - 19. Let j be 768/z + (-2)/o. What is the greatest common factor of j and 11?
11
Let o = 19 + -18. Suppose 20 = -i - 5*b, -2*b - o = -5*i + 7. Let c be -4 - (-1 + i) - -35. What is the highest common factor of 16 and c?
16
Let l be 15/(420/(-8)) - 1194/(-14). Suppose -9*i + l = -275. Calculate the highest common divisor of i and 5.
5
Let q be 5660/30 - (-4)/12. What is the greatest common factor of q and 63?
63
Suppose -6 = -3*y + 2*y - 3*j, -y = -2*j - 31. Suppose 0 = 5*x - 2*x + 387. Let l = x + 192. What is the greatest common divisor of y and l?
21
Let d = 54 - 33. Suppose -x - 3 + d = 0. Calculate the highest common factor of x and 27.
9
Let c be (21/6)/(2/4). Let n(g) = 3*g + 7. Let a be n(10). Suppose 19 = 4*f - a. What is the highest common factor of f and c?
7
Let v be (-56)/(-10) - 14/(-35). Suppose -5*o = -3*o + v. Let r be (-9)/o + -6 + 7. What is the greatest common factor of r and 4?
4
Suppose -532*l + 38 = -530*l. Calculate the greatest common divisor of 38 and l.
19
Let v(t) = -2*t**3 - 7*t**2 - 23*t - 19. Let l be v(-6). Calculate the greatest common divisor of l and 13.
13
Let r be ((-5)/(-10))/(2/(-48)). Let p = r - -12. Suppose p*f - 22 = -f. What is the highest common divisor of 198 and f?
22
Suppose -26*v - 693 = -35*v. Calculate the highest common factor of v and 119.
7
Suppose b - 2*p - 110 = 0, -4*b = -5*p - 494 + 66. Calculate the highest common divisor of 272 and b.
34
Suppose -7 + 5 = 2*y - 3*s, 0 = 4*y - 3*s + 4. Let h(f) = -13*f**3 + 2*f**2 - f - 1. Let x be h(y). Calculate the highest common divisor of 3 and x.
3
Let l be (2 - 6)*(6 - (-147)/(-14)). Calculate the highest common factor of l and 18.
18
Let r = 73 + -64. Let v be r/2*(-6)/(-3). What is the highest common factor of 6 and v?
3
Let h(r) = r - 8. Let v be h(13). Suppose 3*y - 427 = -d + 3*d, 0 = -3*y - v*d + 434. What is the greatest common factor of y and 13?
13
Let s be -1 + 2 - (-4 - -27). Let l = s - -30. Let w be l + (-1 - -9 - 4). What is the greatest common divisor of 96 and w?
12
Let g be (3 + 2)*(-1 - -2). Suppose 3*h = -g*n - 2*h + 10, 0 = 2*h. Let p be ((-3)/(-2))/(9/24). Calculate the greatest common factor of p and n.
2
Let b(o) = 2*o - 5. Let s be b(4). Suppose -4*a + r = -17, -s*r - 1 - 2 = 4*a. Let y = 0 + 21. Calculate the highest common factor of y and a.
3
Suppose -124 = -183*y + 181*y. What is the highest common divisor of 558 and y?
62
Suppose 0 = -2*t - 3*s + 2*s + 8, 0 = t + 5*s - 13. Suppose -1 - 2 = -t*c. Suppose -y = c - 5. What is the greatest common factor of y and 36?
4
Suppose 15*c - 399 = -6*c. Suppose -5*s + 337 = -328. Calculate the greatest common divisor of c and s.
19
Let i = -86 + 233. Let v(s) = -9*s**3 + s**2 + 2*s + 1. Let u be v(-1). Suppose -n = -30 + u. Calculate the highest common factor of i and n.
21
Let w be (-1611)/(-9) - (9 + 5 - 5). Let x(g) = -g**3 + g**2 + g. Let o be x(-2). Calculate the greatest common divisor of w and o.
10
Let u = 816 - 681. What is the greatest common divisor of 360 and u?
45
Suppose -o + 5 = 0, 4*h = 5*h - 3*o + 7. Let y be h/28 - 443/7. Let j = y + 99. Calculate the highest common divisor of j and 18.
18
Let c(b) = b**3 - 4*b**2 + 6*b - 7. Let n be c(3). What is the greatest common divisor of n and 106?
2
Let t(z) = 47*z - 2. Let n be t(1). Let y = 73 + -5. Suppose 5*l - y = 7. Calculate the greatest common factor of n and l.
15
Let d be ((-12)/(-2))/(21/14). Suppose d*f = 9*f. Let w = f + 20. Calculate the highest common factor of w and 140.
20
Let h(x) = 6*x + 4. Let c be h(6). Suppose -23*o = -20*o - 60. Calculate the greatest common divisor of o and c.
20
Suppos